of x?
2, 7
Suppose -44*d + 5832 = -36*d. List the prime factors of d.
3
List the prime factors of 4*4/16*(249 - 6).
3
Let x(u) = 6*u + 34. Let h(g) = 7*g + 35. Let z(t) = -5*h(t) + 6*x(t). Let c be (-63)/(-7) - (-11 - -8). What are the prime factors of z(c)?
41
Let v(x) = 2*x**2 - 2*x + 6. Let a(i) = i**3 + 4*i**2 + 2*i. Let w = 8 + -10. Let b be a(w). What are the prime factors of v(b)?
2, 3, 5
What are the prime factors of 8 + 4486/2 - 7?
2, 3, 11, 17
Let b(u) = -u**2 + 23*u + 14. Let h(l) = 22*l - 3. Let f be h(1). What are the prime factors of b(f)?
2, 3, 5
Let y(d) = d**3 + 23*d**2 - 44*d - 20. What are the prime factors of y(-24)?
2, 5, 23
List the prime factors of 30/(-5)*(-450)/4.
3, 5
Suppose -27 = -5*m + 3. Suppose -8 = -s - m. List the prime factors of ((-1568)/48)/(s/(-3)).
7
Let b(h) = -22 + 4 + 15*h - 10 + h**2 + 6. List the prime factors of b(11).
2, 3, 11
Let v = -17 + 16. Let z(o) = -66*o**3 - o. What are the prime factors of z(v)?
67
Let h = -1996 + 3111. What are the prime factors of h?
5, 223
Let z(j) = j**3 - j**2 + 35. Let x(v) = -v**3 - 14*v**2 - 13*v + 2. Let s be x(-13). Suppose s*b + 3*b = 0. List the prime factors of z(b).
5, 7
Let k(x) = x**3 + 2*x**2 - 10*x + 805. What are the prime factors of k(0)?
5, 7, 23
Let w = 11 - 7. Let l be 2*29*(-11 - -12). List the prime factors of (l/w)/((-3)/(-6)).
29
Let i = 409 - 261. Suppose -3*s + 4*f + i = -0*f, 2*s = -3*f + 110. List the prime factors of (s/20)/((-1)/(-5)).
13
List the prime factors of ((-28)/35)/(2/(-605)).
2, 11
List the prime factors of (158/4)/(16/480).
3, 5, 79
Let m = -5 - 0. What are the prime factors of 1872/30 + 2/m?
2, 31
Let v(u) = -35*u**3 + 2*u**2 + 5*u + 4. Suppose 10 = 5*z - 15*z. What are the prime factors of v(z)?
2, 3
Suppose -18*c + 307545 = 69*c. What are the prime factors of c?
5, 7, 101
Suppose -2*n = -3 - 5. Suppose -5*x - 5 - 46 = -3*z, 2*z - n = 0. Let v = 5 - x. What are the prime factors of v?
2, 7
Let s(c) = -c + 2. Let y be s(-3). Let d(k) = k**2 + 6*k + 0*k**2 - 3 - y. What are the prime factors of d(-8)?
2
Let w be 2/(-9) - 4/(-18). Suppose 3*c - 15 - 21 = 0. Suppose -2*p - c = -3*n, -5*p + 15 = -w*p. What are the prime factors of n?
2, 3
Let u = 631 + 850. List the prime factors of u.
1481
Suppose -253 = -3*y + 2*i + 235, 2*y - 326 = 2*i. Let j = y - 83. Suppose -3*a - j = -208. List the prime factors of a.
43
List the prime factors of (-16 + -43)*(0 - 4).
2, 59
Suppose -17 = -5*h - 7. Suppose h*a - 3*u = 7, a - 3*a + 11 = u. Suppose -3*s + 6 = 5*g - g, a*s = -g - 7. What are the prime factors of g?
3
Suppose 3*u + 155 = 2*k, -k + 241 = 2*k + 4*u. Let g = k - -21. What are the prime factors of g?
2, 5
Suppose 60 = -5*l + 5*x - 2*x, -5*l - 3*x = 60. Let u(i) = -i**3 - 11*i**2 + 10*i + 12. Let r be u(l). Let o = r - 21. What are the prime factors of o?
3, 5
What are the prime factors of (-1 - -1258)*5/(45/6)?
2, 419
Suppose -3*q - 674 = m - 4806, -2*q = 2*m - 2748. List the prime factors of q.
7, 197
Let w(s) = s**3 - 5*s**2 + 2*s - 1. Let g be w(4). Let p be ((-26)/6)/(1/3). Let q = g - p. What are the prime factors of q?
2
Suppose -6552 = 11*h - 29*h. What are the prime factors of h?
2, 7, 13
Let w(d) = 0 + d**2 - 1 + 3 - 1 - 3*d. Let v be w(6). Let j = 37 - v. List the prime factors of j.
2, 3
Let r(p) be the third derivative of -p**5/20 - p**3/3 - 5*p**2. Let v be r(-2). Let d = -10 - v. What are the prime factors of d?
2
List the prime factors of ((-5340)/45)/((-2)/9).
2, 3, 89
Let w = 1757 + -1235. List the prime factors of w.
2, 3, 29
Let i(w) = -w**3 - 8*w**2 + 3*w + 17. Let k(x) = -1. Let f(o) = -i(o) - 6*k(o). List the prime factors of f(-7).
59
Let n = 4290 - 2440. What are the prime factors of n?
2, 5, 37
Let s(j) = -2*j**2 + 12*j + 5. Let z be s(6). Suppose -n - 8 = -3*n - x, 0 = 2*n + 3*x - 8. Let v = n + z. List the prime factors of v.
3
Let l(o) = o**3 + 15*o**2 - 19*o + 27. Let i(c) = 3*c**3 + 44*c**2 - 56*c + 80. Let a(r) = 3*i(r) - 8*l(r). List the prime factors of a(-13).
3, 7
Suppose -5*a + 2*c = -22865, -4*a - 84*c = -80*c - 18292. What are the prime factors of a?
17, 269
Let t(g) be the first derivative of -g**4/4 - g**3/3 + 160*g + 26. List the prime factors of t(0).
2, 5
Let v = 200 + 3. List the prime factors of v.
7, 29
Let w(t) = 40*t**2 + t - 1. Suppose 7*o - 3*o - 56 = 0. Suppose 5*b - o = 3*c, c = -4*b - 0*b + 1. What are the prime factors of w(b)?
2, 5
Suppose -2*u = -4*a + 80, -3*a + 40 + 10 = u. Suppose -10*d + 8*d + 18 = 0. Suppose -a = d*s - 10*s. What are the prime factors of s?
2, 3
Let k = 43 + -16. Let t = k - 20. List the prime factors of t.
7
Let c(b) = -b**3 - 18*b**2 + 6*b + 70. What are the prime factors of c(-23)?
3, 859
Suppose -2165 = -5*u - 2*p + 7*p, -3*u + 4*p + 1303 = 0. List the prime factors of u.
3, 11, 13
Let i(s) = -270*s - 113. What are the prime factors of i(-3)?
17, 41
Let k be (0 - 5) + (-150)/(-2). Suppose 39*h = 44*h - k. What are the prime factors of h?
2, 7
Let q = 40 + 252. List the prime factors of q.
2, 73
Let t(m) = 7*m**2 + 19*m - 128. List the prime factors of t(-16).
2, 5, 17
Suppose t + 400 = 2*o + 2*o, -5*o + 500 = -3*t. Let u be (0 - (2 - 1)) + o. Suppose 12*s = 9*s + u. What are the prime factors of s?
3, 11
Suppose x = 3*i - x - 20, -2*i + 8 = -4*x. Suppose -i*s + 4*s = 36. Let w(a) = -3*a + 3. What are the prime factors of w(s)?
2, 3, 5
List the prime factors of (129*96)/6 - 4*-1.
2, 11, 47
Let t(p) = -19*p**3 + 8*p**2 + 8*p - 4. What are the prime factors of t(-4)?
2, 3, 109
Suppose -2*j + 5*q + 0*q = -7, q = 4*j - 23. Suppose -2*y + j = -6. What are the prime factors of y?
2, 3
Suppose 4*n - 3*d + 105 = 0, 0 = -5*n + 5*d - 177 + 47. Suppose -2*s - 107 = -3*t - 6*s, 3*t - 3*s - 135 = 0. Let i = t + n. List the prime factors of i.
2, 7
Suppose -5*o + 4720 = 5*b, 4*b + o - 2082 = 1709. What are the prime factors of b?
13, 73
Let u be -1 - (-11)/((-11)/(-6)). Let w(h) = 2*h - 4. Let d be w(3). Suppose -38 = -d*y - u*s, -y + 5 = 4*s - 5*s. List the prime factors of y.
3
Let b(w) = w**2 + w + 2. Let p(v) = -v + 10. Let d be p(6). Suppose 0 = 5*h, x + h = 3*h - d. What are the prime factors of b(x)?
2, 7
Let s(i) = 11*i**2 + 2*i - 1. Suppose p = -3 - 4. Let g(x) = x**2 + 8*x + 8. Let t be g(p). What are the prime factors of s(t)?
2, 3
Let l(p) = 23*p**2 + 13*p - 17. Let c be l(-5). Suppose -191 = 2*r - c. What are the prime factors of r?
151
Let h be 264/16 + 1/(-2). Suppose 8*r - 4*r - h = 0. Suppose 0 = 2*k - k + 5*s - 32, 4*s = -r*k + 144. List the prime factors of k.
37
Suppose 3*x = -4*r + 2641, r - 10*x = -14*x + 670. What are the prime factors of r?
2, 7, 47
Suppose 5*n - 3*r = r - 66, 3*n + 18 = -3*r. What are the prime factors of 1 + 0 - (n - 19)?
2, 3, 5
Suppose 9*s - 5*s + 3*l - 276 = 0, 5*l + 46 = s. List the prime factors of s.
2, 3, 11
Let f be 5 + (-5 - (0 - 2)). Suppose -n = 4*n + 3*s - 235, f*n = -4*s + 80. Suppose 4*l + 51 + 1 = 4*g, 4*g - 3*l = n. What are the prime factors of g?
11
Let l = 83 - 78. Suppose 0 = -0*x - 2*x + 10. Suppose x*q = 5*v - 3*v + 30, 55 = l*q + 3*v. List the prime factors of q.
2
Let w(v) = v**3 + 13*v**2 - 15*v + 35. What are the prime factors of w(-8)?
5, 19
Suppose -5*z + 101 = -2084. What are the prime factors of z?
19, 23
Let v be ((-52)/6)/((-12)/234). Suppose 2*x - y - 88 = v, 0 = x - y - 127. List the prime factors of x.
2, 5, 13
Let o(z) = -z - 2. Let n be o(-5). Let y be (-10)/(6/n)*-1. Suppose -4*j + 23 = -y*q, -4*j - 5*q - 6 = 1. List the prime factors of j.
2
Let h(y) = -6*y - 5. Let q be h(0). What are the prime factors of (q - -3) + 0 - (-158)/2?
7, 11
What are the prime factors of (0 + (-14)/7)/((-2)/1137)?
3, 379
Let i(z) = -z. Let b(y) = -3*y - 4. Let m(g) = -b(g) + 4*i(g). What are the prime factors of m(-9)?
13
Suppose 8 = -2*q + q. What are the prime factors of (q/(-10))/(-2 + (-1184)/(-590))?
2, 59
Let p be 12/18 + (-32)/(-6). Let k(s) = 38*s - 3*s**3 + p*s**2 - 8 - 35*s + 4*s**3. What are the prime factors of k(-5)?
2
Let j(u) = u**2 - u. Let s be j(1). Suppose -6 = 2*l - l + 2*h, s = -3*l - 4*h - 20. Let w = l - -11. What are the prime factors of w?
3
Suppose 0 = -5*n + k + 818, 2*k = -0*n + 3*n - 488. Let h = n - 104. Suppose 0 = 2*p - 3*t - h, 0*p = -3*p + 3*t + 93. List the prime factors 